t b(q) = -7*m(q) + 5*o(q). Give b(7).
-11
Suppose 0 = -4*c + 2*b + 8, 9*c + b = 4*c + 10. Suppose 0 = -3*f - 5*f - c*f. Let a(m) = -m**2 - 13. Calculate a(f).
-13
Let u(x) = x + 1. Let a be (1/(-2))/((-4)/(-352)). Let w = a + 50. Suppose -w*f = -11*f + 25. What is u(f)?
6
Let h(t) = -4*t**2 + 15*t - 21. Suppose -91*a = -60*a - 93. Give h(a).
-12
Let q(n) = -10*n + 4. Let b(v) = 9*v - 4. Let o(m) = -6*b(m) - 5*q(m). Let y(a) = 5*a - 3. Let d(c) = -2*o(c) - 3*y(c). Let g = 19 - 18. Calculate d(g).
-6
Let n be 42/(-9 - -3) - 550/(-66). Let l(t) be the first derivative of -n*t**3 + 8 + t**2 - 2*t. Calculate l(2).
-14
Let r = 29 - 51. Let n be r/4 + (-6)/(-12). Let a(c) be the third derivative of c**5/60 + c**4/4 + 7*c**3/6 - 131*c**2 + 3. Determine a(n).
2
Let v(n) be the third derivative of -n**4/12 + n**3/3 - 7*n**2. Let x be (3/2)/(-5 + (-9)/(-2)). Let b be ((-6)/8)/(x/12). What is v(b)?
-4
Let g(k) = k**2 - 8*k + 2. Let h = 1 + -1. Suppose h = -v - 3*t - 0*t, 2*v + 9 = 3*t. Let w(d) = 5*d + 20. Let a be w(v). Calculate g(a).
-13
Let m(j) be the third derivative of -j**4/6 - j**3/6 + j**2 + 235*j. Give m(-1).
3
Let w(b) = 45*b - 5. Let r(c) = 96*c - 10. Let f(j) = -6*r(j) + 13*w(j). Let x(k) = -k + 1. Let m(s) = -f(s) - 6*x(s). Determine m(2).
-7
Suppose 5*z - 198 = -6*z. Let a(j) = j**3 - 18*j**2 + 3*j - 64. Let b be a(z). Let i(m) = -m**2 - 10*m + 13. Give i(b).
13
Let t(g) = -5*g - 46. Let o(d) = 2*d**2 - 9*d - 1133. Let q be o(26). Determine t(q).
29
Let w(n) = -n - 37. Let r be w(-32). Let d(q) be the first derivative of 1/3*q**3 + q + 11 + 3*q**2. Give d(r).
-4
Let y(n) = -4*n - 3. Let x(c) = 21*c + 16. Suppose -224*a - 8 = -222*a. Let l(u) = a*x(u) - 22*y(u). Determine l(-4).
-14
Let l(z) = 5*z + 186. Suppose 119*c + 17*c + 2723 = -2037. Determine l(c).
11
Let f = 781/348 + -188/87. Let n(y) be the third derivative of -f*y**4 + 0*y + 0 - 11*y**2 + 2/3*y**3. Give n(4).
-4
Let o = -11 - -5. Let b(t) = -3*t**2 + 6*t + 1. Let f(y) = -8*y**2 + 18*y + 3. Let l be ((-2)/3)/((-2)/(-33)). Let k(q) = l*b(q) + 4*f(q). Calculate k(o).
1
Let v(r) = r**3 + r**2 - r - 4. Let g = -15 + 0. Let u be (18/g)/((-1)/(-15)). Let n be 4/u + (-26)/(-117). Give v(n).
-4
Suppose 35 = -5*s + 10*s. Suppose 2*z + 8 = 2*m, s*z = -m + 2*z - 8. Let h(l) be the first derivative of 5*l**2/2 + l - 4. Give h(m).
11
Let f(z) = -9*z**2 - 8. Let l be ((-18)/4 + 2)*(-2 - 0). Let t(b) = 13*b**2 + 13. Let j(k) = l*t(k) + 8*f(k). Determine j(-1).
-6
Let o(y) = -4*y**2. Let t(r) = 22*r**2 - 40*r - 192. Let w(z) = -6*o(z) - t(z). Determine w(-11).
-6
Let x(u) be the first derivative of -2*u**2 + 23 + 1/3*u**3 - 5*u. Let g(d) = -4*d - 23. Let s be g(-7). Give x(s).
0
Let g(m) = -m**3 - 2*m**2 + m + 4. Let k be g(-2). Let n(t) = 48*t - 2*t**2 - 47*t - 2*t**2 + 5*t**k + t**3. Let f be 1 + ((-6 + 3)*1 - 0). Determine n(f).
-6
Let q(k) = 11*k + 46. Let w be q(-4). Let h(o) = o**3 - 82 - 7*o**w + 45 + 42 + 4*o. Let n be (-81)/36*16/(-6). What is h(n)?
-7
Suppose -5*s - 1548 = -23*s. Let n(k) = 4 - 2 - s*k + 7 + 84*k. Calculate n(6).
-3
Let q(d) = -6*d**3 + 20*d**2 - 25*d - 2. Let i(f) = 5*f**3 - 18*f**2 + 22*f + 2. Let p(o) = 5*i(o) + 4*q(o). Calculate p(8).
-46
Let s(m) be the first derivative of -m**3/3 + 9*m**2/2 - 3*m + 7. Let c be s(8). Let j(r) = 2*r - 12 + 11 + r - c*r. Determine j(-4).
7
Let p(t) = 6*t - 87. Suppose -2334 - 640 = -159*g - 430. Give p(g).
9
Let p = -427 - -442. Let o(v) be the first derivative of -v**2 + 27*v - 254. Give o(p).
-3
Let o(l) be the third derivative of -l**5/30 + l**4/4 - l**3 - 2*l**2. Let r = -18001 - -18006. What is o(r)?
-26
Suppose 5*g - w - 33 = 0, -5*g + g + 38 = 5*w. Let m(b) be the third derivative of 1/120*b**6 - 7/60*b**5 + 18*b**2 - 6 + 0*b - 1/6*b**3 + 0*b**4. Give m(g).
-1
Suppose d = b + 24, -2*d - 2*b + 23 = b. Let z(k) = d*k - 5*k**2 + 6 + 4*k**2 - 25*k. Suppose 35 = c - 6*c. Give z(c).
-1
Let z(k) = 34 - 22 - 28 - 2*k - 7*k - 2*k. Give z(-2).
6
Let b be 4/(-2) - (-13)/((-91)/(-14)). Suppose 0 = -4*j + 3*c - c + 34, -5*j + 50 = 5*c. Let t(k) = j*k - 2 - 4*k - 7*k + k. Give t(b).
-2
Let v = 11 + -7. Let i(b) = -1 - 6*b - 3*b**3 + 5*b**2 - 7 + 16 + 2*b**3. What is i(v)?
0
Suppose 656*n - 4*p - 13 = 651*n, 5*p = -21*n + 11. Let u(g) = g - 5*g**2 + g - 4*g + 1. What is u(n)?
-6
Let a = -22 - -16. Let l(y) = 4*y + 17. Let q be l(a). Let d(h) = h**3 + 2*h**2 - 6*h + 7. Let o(v) = v**2 + v. Let p(x) = -d(x) - 5*o(x). Give p(q).
-14
Let k(l) = -4*l + 3. Let b = 67 - 63. Suppose 0*v - 4*v = b*t + 180, t + 2*v = -50. Let q = -38 - t. What is k(q)?
-5
Let d = 24267 - 24271. Let n(u) = 2*u**3 + u**2 - 4*u - 3. Determine n(d).
-99
Let r(l) be the second derivative of -l**4/12 + 2*l**3/3 + l**2 - 1096*l. Calculate r(5).
-3
Let h(o) = -o**2 - 16*o + 35. Suppose 4*u = -l - 20, -101 + 56 = 3*l - 3*u. Calculate h(l).
35
Let z(q) = q**3 + 11*q**2 + 2*q + 27. Let c be z(-11). Let i(o) = -o**3 + 4*o**2 + 8*o - 9. Calculate i(c).
6
Let i(q) = q**3 + 49*q**2 - 590*q - 16. Let w be i(-59). Let d(k) = k**3 + 15*k**2 - 12*k + 21. Calculate d(w).
-43
Let v(k) = -5*k + 4*k + 0*k - 3*k. Let n(y) = 8*y + 1. Let i(t) = t**2 + 29*t + 145. Let q be i(-7). Let l(h) = q*v(h) - 4*n(h). Calculate l(4).
12
Let o(i) = 5*i + 1. Let f = 863 - 857. Let u be (-9)/f*52/78. Calculate o(u).
-4
Let j(v) = -7*v**3 + 3*v**2 - 2. Let q(h) = 102*h - 49. Let b be q(-4). Let t = -455 - b. What is j(t)?
-46
Let g(b) = -25*b**3 - 3*b**2 - b + 1. Let n(s) = 24*s**3 - 12*s**2 - 21*s + 14. Let x(r) = g(r) + n(r). What is x(-12)?
-153
Let h(s) = 7*s**2 + 4*s + 7. Let m be 1*(2 + 54/(-21) + 170/(-119)). What is h(m)?
27
Let v(c) = -23*c - 119*c**2 + 2*c**3 + 11 + 4 + 99*c**2. Calculate v(11).
4
Let l(s) be the third derivative of -s**6/360 + s**5/20 - s**4/8 + 37*s**3/3 - 5*s**2 - 12. Let d(t) be the first derivative of l(t). Give d(6).
-3
Let r(f) = -f**2 - 3. Let k = -158 - -155. Let j be (-9)/k - 7 - -1. Let p be j/3*(-2 + 2). Calculate r(p).
-3
Let g = -12 - -26. Suppose 3*r + 11 = 4*j, 3*j - g = 2*j - 3*r. Let h(w) = 0*w + 0 - 2 + w + 7 - 2*w. Give h(j).
0
Let w(m) = -4*m + 64. Let p(k) = 10*k - 42. Let r be p(6). Let z be w(r). Let v(l) = l**2 + 11*l - 3. Determine v(z).
-27
Suppose -11*a - 8 = -13 - 94. Let l(r) = r**2 - 3*r + 4. Give l(a).
58
Let j(m) = 43*m**2 + 77*m - 20. Let z be j(19). Let o(t) = z*t + 0*t**3 - 16967*t - 7 + t**3. Suppose 4*q = q. Determine o(q).
-7
Let i(j) = 2*j**3 + 2*j**2 + 2 - 11*j**3 - 3*j**3 + j + 5*j**3 - 3*j. Give i(1).
-5
Let i = -118 - -67. Let p = i + 52. Let k(n) = 56*n. Let x(q) = 3*q. Let j(a) = 4*k(a) - 77*x(a). Give j(p).
-7
Let t(z) be the third derivative of -z**5/60 + z**4/24 + 7*z**3/6 + 10232*z**2. Give t(-5).
-23
Let n(a) be the second derivative of -2*a**3/3 + 13*a**2/2 - 64*a - 1. Let o = -179 - -186. Calculate n(o).
-15
Let i(c) = 3*c**3 + 9*c**2 + 4*c + 2. Let o(u) = -u**3 - u**2. Let w(y) = -i(y) - 4*o(y). Suppose 12*b - 14*b = -6. Suppose -16 = b*l - 34. Determine w(l).
10
Suppose -2*y = -5*w - 22, -34 = -y - 2*w - 41. Let x(j) = 3*j + 6. Let o(d) = d + 1. Let b = 4 - 8. Let l(q) = b*o(q) + y*x(q). Give l(8).
-6
Let c(b) = 2*b**3 - 5*b**2 + b + 7. Let m be (-20)/(-15)*78/52. Give c(m).
5
Let r = -21 + 24. Suppose 2*m + r = -7. Let w(t) = -37 + t + 18 + 18. What is w(m)?
-6
Suppose -2*b = 3*u - 31, -9*b + 12*b - 2*u = 27. Suppose 16 - 82 = b*z. Let y(c) = 2*c**2 + 8*c + 2. What is y(z)?
26
Suppose 0 = -5*j - 2 + 12. Let y(n) = 8*n + 1. Let l = -268 + 266. Let x(a) = 11*a + 2. Let g(k) = l*x(k) + 3*y(k). Give g(j).
3
Let l(z) = -3*z - 26. Suppose 9*i - 3*i + 0*i = -108. Determine l(i).
28
Let x(v) be the second derivative of -7*v**6/720 + v**5/120 + 99*v**4/4 - 245*v. Let n(f) be the third derivative of x(f). Calculate n(-1).
8
Let x(y) = -4*y**2 + 68*y - 13. Let r be x(17). Let j(t) = 4*t - 11*t + 44 + 10*t. Determine j(r).
5
Let a(i) = 5720202*i + 4 - 5720208*i + i**3 - 2*i**3 + 5*i**2. Let k be (6 + -1)*(-20)/(-25). Give a(k).
-4
Suppose 175 + 67 = o. Suppose f + 244 - o = 0. Let t(g) be the third derivative of -g**6/40 - g**5/15 - g**4/12 + 2*g**2. Determine t(f).
12
Let q(b) be the second derivative of b**4/24 - 4*b**3/3 - 263*b**2/2 + 3*b + 11. Let j(a) be the first derivative of q(a). Calculate j(5).
-3
Let c be -3*((-25)/50)/(